t the prime factors of k.
3, 11
Let q be (6/10)/((-171)/(-1425)). Let b(y) = 4*y**2 + 3*y - 35. What are the prime factors of b(q)?
2, 5
Suppose -3*n + 14871 = 10*u - 8*u, -2*n - 4*u = -9914. List the prime factors of n.
4957
Suppose -2*y = -194 + 584. Let h = -75 - y. Let j = h - 91. List the prime factors of j.
29
List the prime factors of 242113/10 - (-21)/1540*-22.
11, 31, 71
Let g be ((-4)/14)/((-7)/(-13 - -209)). Suppose 0 = -2*s + k + 5, 4*s - k = g + 1. What are the prime factors of s?
2
Let b(p) = -p**2 + 16*p - 34. Let c be b(19). Let f be c + 4*-2*(-2)/(-8). Let j = 100 + f. List the prime factors of j.
7
Suppose -3*f = 2*x - 8109, -3*x = -8*x - 4*f + 20262. Let j = x + -2218. List the prime factors of j.
2, 229
List the prime factors of 705290/24 - (-23)/(-276).
29387
Suppose -5 = s, j + 40 = 6*j - 3*s. Suppose 3*z = -h - 3, j*z + 4 + 1 = 0. Suppose -2*n = -d + 94 - 2, 3*d + 4*n - 256 = h. List the prime factors of d.
2, 11
Suppose u - 126*t + 123*t = 7498, 3*u - 22590 = -3*t. What are the prime factors of u?
2, 3761
Let m(y) = 6*y**3 + 2*y**2 + 6*y + 4. Let n be m(5). Let l = -457 + n. What are the prime factors of l?
13, 29
Let m = -891 - -884. Let z(q) be the second derivative of q**5/20 + 5*q**4/6 - q**3/3 - 10*q**2 - 4*q. List the prime factors of z(m).
3, 47
Let j(y) = 3*y**2 - y. Let c be j(2). Suppose -5*m = -c - 5. Suppose -v - 2*b - 5 + 14 = 0, 0 = -4*v + 5*b - m. What are the prime factors of v?
3
Let q be ((-14)/(-4))/(10/(-20)). What are the prime factors of (q - (-690)/4)*1*2?
331
Let x(c) = 192*c**2 - c - 15. Let u be x(3). Suppose -4*y - 3*a = -a - u, -4*y + a + 1701 = 0. List the prime factors of y.
2, 3, 71
Suppose 29*p - 539654 = -61270. What are the prime factors of p?
2, 1031
Let q(v) = -2*v**2 - 51264 + 25647 + 25635 - 26*v. Suppose 66 = -5*f + o, -2*f + 7*f + 64 = -o. List the prime factors of q(f).
2, 3
Let w = 2861 - 2651. What are the prime factors of w?
2, 3, 5, 7
Suppose 68*l - 65*l + 1081 = 47695. What are the prime factors of l?
2, 17, 457
Suppose 90 = 4*s - 2*z - z, 0 = -4*s + 2*z + 88. Suppose s*g = 35*g - 2128. List the prime factors of g.
2, 19
Let s(m) be the first derivative of -67*m**2/2 - 22*m - 4. Let f be s(-3). Suppose 37*x + f = 38*x. What are the prime factors of x?
179
Let r = -41 - -36. Let n = 165 + -59. Let d = n - r. List the prime factors of d.
3, 37
Suppose 25*n + 73*n - 1358307 + 63237 = 0. What are the prime factors of n?
3, 5, 881
List the prime factors of -2358*(-10*(-66)/225)/(6/(-15)).
2, 3, 11, 131
Let j(d) = -d**3 - 7*d**2 - 11*d - 6. Let u be j(-5). List the prime factors of (-4 + (-840)/18)/(u/9).
2, 3, 19
What are the prime factors of (1/2 - (-18)/(-4)) + (-56 - -56649)?
3, 13, 1451
Suppose 16*c - 12*c - 2624 = 0. Suppose 0*d = 4*r + 3*d - 1327, 2*r = -4*d + c. List the prime factors of r.
2, 167
Let v = -16 - 7. Let y = v - -23. Suppose y = -2*q + 3*q - 26. What are the prime factors of q?
2, 13
List the prime factors of ((-222)/30 - 15/25) + (13285 - -1).
2, 3, 2213
Suppose -4*b + 106262 = -39*a + 34*a, 6 = a. List the prime factors of b.
26573
Let n(j) = -2*j**2 - 12*j - 7*j - 13*j + 21*j - 2. Let g be n(-5). Suppose -o + 139 = 4*y, o - g*y = -8*y + 136. What are the prime factors of o?
151
Let q = -114 - -123. Let n(u) = 92*u + 25. List the prime factors of n(q).
853
List the prime factors of 56/(-28) + 71231 - (4 + -1).
2, 3, 1319
Suppose -n = m - 1889, -4*n - 4028 - 1639 = -3*m. Suppose -p + 2508 = 4*u + 3*p, 3*u - 5*p - m = 0. List the prime factors of u.
2, 157
Let m = 4391 - -2466. Suppose m = 19*z - 5664. What are the prime factors of z?
659
Let x(r) = 9*r - 7*r - r + 0*r + 7. Let m be x(-7). Suppose m = 17*z - 20*z + 201. List the prime factors of z.
67
Suppose -4*h = 3*y + 3*y - 27250, 2*y = 2*h + 9080. List the prime factors of y.
19, 239
Let h(s) = 13*s**2 - s - 7. Let g be -13 - 2*(-1 + -1) - -3. Let j be h(g). Suppose -n = -4*r - 161, -r - j = -3*n + 38. List the prime factors of n.
13
List the prime factors of -11 - (-6541 + -4 + -5).
13, 503
Suppose 5 - 17 = 6*y. What are the prime factors of ((-6)/5)/(5/(-1475)) - y?
2, 89
List the prime factors of (567/(-28) - -19)*-676.
5, 13
Let v(x) = 5*x**2 + 4*x + 13. Let m(c) = -9*c**2 - 9*c - 27. Let w(k) = 6*m(k) + 11*v(k). Let q be w(12). List the prime factors of 288/5 - (-2)/q.
2, 29
Let m(v) = v**3 + 3*v**2 + 3*v + 5. Let w be m(-2). Suppose 4*a = 4*b + 216, -3*a - b = w*b - 155. Let n = a - 19. List the prime factors of n.
2, 17
Suppose 27*j - 15428 = 161260. What are the prime factors of j?
2, 409
Suppose 18*m = 51 + 93. Suppose m*h = 5*h - 4*o + 1135, 0 = -2*h - 4*o + 754. What are the prime factors of h?
3, 127
Let p = -281 - -551. Suppose -40 = 426*u - 434*u. Suppose -b = u, -5*i - 2*b + b + p = 0. What are the prime factors of i?
5, 11
Let g(j) be the second derivative of -j**4/6 + 5*j**3/3 - 5*j**2/2 - 21*j. Let i be g(4). Suppose 0*h + 369 = i*h. What are the prime factors of h?
3, 41
Suppose u = 0, -3*t - 2*u + 56 = t. Suppose 2*p - t = -z - 1, -2*z = 3*p - 22. Suppose -p = -5*l + 16. What are the prime factors of l?
2
Let k(j) = 3*j + 13*j**2 + 2*j + 6 + 327*j**2. What are the prime factors of k(-1)?
11, 31
Suppose -100296 = -51*d + 287581 + 124010. What are the prime factors of d?
10037
Let k = 10 + -7. Suppose -k*y + 227 + 451 = 0. What are the prime factors of y?
2, 113
Suppose -7 = -3*y - 2*w - 2, 0 = 5*y - 4*w - 45. Suppose 5*a - 154 = 3*a - y*n, 5*a - 4*n = 319. List the prime factors of a.
67
Suppose -y + 5*g = -9090, g + 27298 = 2*y + y. List the prime factors of y.
2, 5, 7, 13
Suppose -b + 2*b + 5*v = -316, 4*b + 2*v = -1264. Let w = b + 687. List the prime factors of w.
7, 53
Suppose 2*a = 5*t + 5, 3*a = -4*t + a + 14. What are the prime factors of (-3402)/105*t*1*-35?
2, 3, 7
Let h(k) = 10*k**2 + 12. Suppose 0 = b + 4*b - 30. Suppose 2*n = -4*l - 2 - b, -3*l = 5*n - 1. List the prime factors of h(l).
2, 3, 17
Suppose -93347 = -4*y + 3*d, y - 12*d + 9*d - 23339 = 0. List the prime factors of y.
2, 2917
Suppose 5*c - 59 = -49. What are the prime factors of (11 - c - -1526)/1?
5, 307
Let o be -2 - ((-3)/21 + (-108)/28). Suppose -15 = 5*c - 4*i - o, -2*c = -3*i + 8. List the prime factors of (9/12)/((5/(-60))/c).
3
Let t be ((-8)/6)/((-12)/90). Suppose -t*d + 14 = -3*d. Suppose 5*o = -3*l + 444, d*o - 6*l - 162 = -2*l. What are the prime factors of o?
3, 29
Suppose 2*f - 5*l + 132 = 0, -5*f + 2*l - 284 = 88. Let o = f - -585. What are the prime factors of o?
509
Let c(y) = -2*y**3 + 3*y**2 + 4*y + 1. Let t be c(3). Suppose 0 = -13*s + 71 + 111. What are the prime factors of (-4)/s + (-270)/t?
19
Let t = 14354 + -9551. List the prime factors of t.
3, 1601
Let o(b) be the second derivative of 3*b**5/20 + b**4/3 - 4*b**3/3 + 7*b**2/2 + 83*b. What are the prime factors of o(5)?
2, 13, 17
Suppose 92100 = 3*o - 5*s, 2*o - 3*s - 64826 + 3428 = 0. List the prime factors of o.
2, 3, 5, 11, 31
Let i = -4494 + 12711. List the prime factors of i.
3, 11, 83
Let n(j) = -18*j**3 + 9*j**2 - 24*j - 265. List the prime factors of n(-10).
5, 151
Suppose 4*v + 56 = -0*v. Let m(d) = -d**3 - 12*d**2 + 19*d + 12. Let c be m(v). Let o = c + -73. What are the prime factors of o?
5, 13
Suppose -7*h + 147 - 28 = 0. Suppose 5*n + 6720 = h*n. Suppose -137 + n = 9*c. What are the prime factors of c?
47
Let q = 17921 + 12259. What are the prime factors of q?
2, 3, 5, 503
Suppose -176*d = -188*d - 48. What are the prime factors of (5*d/(-30))/((-38)/(-21945))?
5, 7, 11
Let o(r) = 408*r - 302. What are the prime factors of o(11)?
2, 7, 13, 23
Let f be 1 - 1 - 2 - 16010/(-5). Suppose f = 5*s - 310. Suppose 7*a - s - 5 = 0. What are the prime factors of a?
101
Let l(w) = -34*w - 11*w**3 + 0*w**2 - 7*w**3 - w**2 + 22*w - 1. What are the prime factors of l(-3)?
2
Let f = 78933 - 41482. What are the prime factors of f?
17, 2203
Let q = 7859 + -7875. Let s(w) be the second derivative of w**3/6 + 51*w**2/2 + w. List the prime factors of s(q).
5, 7
Let a = -51393 - -90719. What are the prime factors of a?
2, 7, 53
Suppose d = -4*q - 54, -4*d - 198 = -5*q - 45. What are the prime factors of (7/(d/88))/(2/(-60))?
2, 5, 11
Suppose -7116 + 18111 = -13*u + 72888. List the prime factors of u.
3, 23
Let t = 1897 - -596. What are the